ppose 2*v = v + d. Calculate the highest common factor of 10 and v.
5
Let x(w) = -3*w**2 - 8. Let l be x(-4). Let r = l - -74. Let d = 681 - 483. Calculate the greatest common divisor of r and d.
18
Let p(q) = 15 + 2*q - 18 + q**2 + 12 + 5*q. Let m be p(-8). What is the highest common factor of m and 68?
17
Let c be -2 - -1 - (-8 - -3). Let g(t) = t**3 - 4*t - 6. Let z be g(c). What is the greatest common factor of z and 105?
21
Suppose -49*m = 22722 - 132972. What is the highest common factor of m and 90?
90
Let c be (-8)/124 - 15642/(-279). Calculate the highest common factor of c and 8.
8
Let m be 15/(-10)*(-7 - -1) + -5. Calculate the highest common divisor of 4 and m.
4
Let z(h) = -41*h - 75. Let f be z(-6). Calculate the greatest common divisor of f and 9.
9
Suppose -4*m + 19 = -t, 2 = 3*m + 4*t - 17. Suppose 13*f - 8*f = 580. Suppose -f - 44 = -m*c. Calculate the greatest common factor of c and 8.
8
Suppose 530 = -o + 2*o. Let u be (-2)/8 - o/(-8). Calculate the greatest common factor of 6 and u.
6
Let m = -464 + 494. Let x(g) = g**2 + 2*g + 5. Let d = -5 - 0. Let l be x(d). Calculate the highest common divisor of l and m.
10
Suppose -3*t = -2*t - 50. Suppose d - 1 = -3*a, 2*a + 6 = d - 3*d. Suppose 2*k - a*x = 24 - 2, -31 = -3*k + x. Calculate the greatest common divisor of t and k.
10
Let o = -340 - -655. What is the highest common divisor of 30 and o?
15
Let c be 4 + (0 + -1)*0. Suppose 0 = c*z - 32 + 4. Calculate the highest common divisor of z and 77.
7
Suppose 60 = -140*c + 146*c. What is the highest common factor of 35 and c?
5
Let i(y) = -y**3 + 3*y**2 + 2*y - 4. Let s be i(3). Suppose -s*u = 4*q + 9 - 31, q - 58 = -3*u. What is the highest common divisor of 7 and u?
7
Suppose -4*b - 140 = -4*f, -f - b = b - 35. What is the greatest common factor of 7 and f?
7
Suppose -3*l - 2*l - 20 = -4*o, 2*o + 4*l = 36. Suppose -3*w + 12 = 9. Suppose a - 11 = -w. Calculate the highest common factor of a and o.
10
Let d = -108 - -189. Let h = 48 + -44. Suppose 0 = -h*w + 8, 6*g - g - 47 = -w. What is the greatest common divisor of g and d?
9
Let o(g) = g**3 + 9*g**2 + 7*g - 2. Let w be o(-8). Suppose w*q - 99 = 9. Calculate the highest common factor of q and 12.
6
Let k be (2/(-4))/((-68)/16320). Calculate the greatest common divisor of k and 36.
12
Suppose -3*s - 2*k = -121, -s = s + 5*k - 99. Let u = -3 + s. Let a be 18/(-27) - u/(-6). Calculate the greatest common divisor of a and 10.
5
Suppose 7*u - 3*u - 20 = 0. Suppose 0 = -3*m - 0 + 15. Suppose 5*a = a + 3*x + 23, x = -m*a + 24. Calculate the highest common divisor of u and a.
5
Let g(o) = -o - 52. Let w(p) = -17. Let l(v) = -3*g(v) + 8*w(v). Let z be l(-6). What is the greatest common divisor of z and 4?
2
Suppose -53 = -3*j + 2*y, -2*y + 42 = 2*j - 0*y. Suppose -b - 4 = -f + 1, 0 = -3*f - b + j. Let o = 20 - f. What is the highest common factor of o and 98?
14
Let g(p) = -2*p - 22. Let q be g(-11). Let u(i) = i**3 - 2*i**2 - i + 16. Let k be u(q). Calculate the highest common divisor of 12 and k.
4
Let z be 28/6*(-24)/(-16). Let d(m) = m**2 - 4*m. Let u be d(z). Let t be (-17)/(-5) - 4/10. What is the greatest common divisor of t and u?
3
Let b(x) = -5*x**3 + 35*x**2 + 20*x - 33. Let k be b(7). What is the highest common factor of 2461 and k?
107
Let s = 541 - 518. What is the greatest common divisor of 3979 and s?
23
Let t be 2/(0 - 1) - -35. Let k(x) = x**2 + 2*x + 9. Let l be k(-7). Let w be l/14 - (-7)/(-49). Calculate the highest common factor of w and t.
3
Let s(h) = h**3 + 8*h**2 + 7*h - 9. Let t be s(-7). Let f be 10/45 + (-7)/t. Let l(y) = 7*y. Let b be l(f). Calculate the greatest common divisor of b and 49.
7
Let b be 6 + 0 - (-3 + 4) - -13. Calculate the highest common factor of b and 2.
2
Let y = 241 - 101. Suppose 8*x - 4*a - 130 = 3*x, 0 = 5*x - 2*a - y. Calculate the highest common factor of 240 and x.
30
Let g = 27 - -4. Suppose -4*o - o - 770 = 0. Let a = 309 + o. Calculate the highest common divisor of a and g.
31
Suppose 258 = 6*w - 168. What is the greatest common divisor of 781 and w?
71
Suppose 0 = 9*y - 26*y + 289. Let z be ((-34)/(-6))/(2/6). What is the greatest common divisor of y and z?
17
Let l be (1 - 14/49*7) + 76. What is the highest common factor of l and 105?
15
Suppose -4*g + 95 = -p, -g + 395 = 4*p - 8*p. Let w = -69 - p. What is the highest common divisor of 30 and w?
30
Let y(s) = -7*s - 6. Let v be y(-3). Suppose 54 = 2*u + c, -c + v + 11 = u. Calculate the greatest common divisor of 70 and u.
14
Let d(s) = s**3 + 9*s**2 + 10*s + 14. Let z be d(-6). Calculate the highest common factor of 434 and z.
62
Let p be ((-30)/(-4))/((-39)/(-26)). Suppose -94 = 2*x - 0*x + 2*h, 0 = -2*x - h - 93. Let z be p/2*(0 - x). Calculate the highest common divisor of 23 and z.
23
Suppose -2*q - 2*q + 60 = 0. Suppose i - 298 = -4*r, 0 = -2*r + 4*i - i + 156. What is the greatest common divisor of q and r?
15
Let a(g) = -11*g - 19. Suppose 5*i = -26 + 6. Let m be a(i). Let o be (0 + 1)*10 + 0. What is the greatest common divisor of o and m?
5
Let y(g) = -13*g - 27. Let p be y(-10). Let u = p - 79. What is the greatest common factor of u and 6?
6
Suppose 0 = -16*r + 2*r + 224. Calculate the highest common factor of r and 1296.
16
Let x = -1026 + 1030. Let w = 1 - 1. Suppose -3*d + 18 - 6 = w. What is the highest common factor of x and d?
4
Suppose -3*x - 3*y + 153 = 0, 3*x + 4*y = 2*x + 39. Let i = x + -52. Calculate the highest common factor of 3 and i.
3
Let m(i) = i**3 + 53*i**2 - 116*i - 125. Let x be m(-55). Let h be -123*(2/(-3))/1. What is the greatest common divisor of h and x?
41
Suppose 65*r - 69*r = -1080. What is the greatest common factor of 20 and r?
10
Let c = 2062 + -2041. Calculate the greatest common divisor of 120 and c.
3
Suppose t = 0, 3*j + 2*t = -t + 27. Suppose 3*o - j - 15 = 0. Suppose 5*d = -4*p + 460, -3*d + 342 = d - 2*p. What is the greatest common divisor of o and d?
8
Suppose 3*h - 38*h + 1470 = 0. What is the highest common divisor of 2226 and h?
42
Let d = 364 - 204. Suppose 0 = -155*r + d*r - 330. What is the greatest common divisor of r and 6?
6
Suppose 0 = 3*t - 12 - 60. Let d(o) = o**2 + 2*o - 3. Let p be d(-7). Let j be 9/2*p/24. What is the greatest common divisor of t and j?
6
Suppose -136 = 146*t - 150*t. What is the greatest common divisor of t and 170?
34
Suppose r - 207 = -2*x + 4*x, -835 = -4*r + x. What is the greatest common divisor of r and 190?
19
Let b be (90/(-8))/(1/(-4)). Let o be 17 - (3 - 2)*(2 + 0). Let g be (1 + (3 - 3))*o. What is the greatest common factor of g and b?
15
Let t(c) be the first derivative of c**2/2 - 40*c - 6. Let y be t(0). Let a be 44*(-55)/y*2. What is the greatest common factor of a and 11?
11
Let u(l) = -l**2 - 26*l + 60. Let r be u(-15). Let y(j) = j**2 + 3*j - 3. Let n be y(-7). Calculate the greatest common divisor of r and n.
25
Let p be (222/148)/(((-10)/(-5112))/5). What is the greatest common factor of 142 and p?
142
Let t(h) = h**2 + 22*h + 1. Let u be t(-22). Let c be 151/3 + u + 8/(-6). What is the greatest common factor of c and 20?
10
Let l(y) = -y**3 - y**2 - 3*y - 2. Let k be l(-2). Let c be (9 + -138)/(-3) + -11. What is the greatest common divisor of k and c?
8
Suppose 6 = 4*o - o. Let p = 156 - 154. Suppose 2*k - 15 = -5*j - p*k, 2*j - o*k - 24 = 0. Calculate the greatest common divisor of 63 and j.
7
Let z(x) = x**2 - 6*x - 49. Let s be z(12). Calculate the highest common divisor of 161 and s.
23
Let i be -66*(10/6)/(-1). Suppose 3*j - 196 = 5*c, c - 66 = 3*c + 5*j. Let n = c + 48. Calculate the highest common factor of i and n.
10
Let s(u) = u**3 + 17*u**2 - u - 14. Let m = -34 + 17. Let z be s(m). Suppose 432 = z*k - 108. Calculate the greatest common factor of 20 and k.
20
Let r = -11 + 21. Suppose 5*i = r*i - 130. Let j be (-13)/i*-4*6. What is the highest common divisor of 108 and j?
12
Suppose 15 = 4*t + t. Suppose t*o - 8 = 2*o. Suppose -11*s + 7*s = -288. What is the highest common divisor of o and s?
8
Suppose 12*r + r - 663 = 0. What is the greatest common factor of 17 and r?
17
Suppose 2*k - 7*k + 130 = 0. Let r = -27 + 29. Suppose -100 = -r*v + x, -3*v - 3*x = x - 172. Calculate the highest common divisor of v and k.
26
Suppose -2*a + 20*a - 252 = 0. Calcu